-5 + -2 + 4 + (8 - 0)
5
Calculate 1 + (-2 - 5) - (-10 + 7).
-3
2 - 5 - (-25 - -22)
0
-3 + (8 - 7) + -4
-6
Calculate 2 + -4 + 5 + -3.
0
What is -8 - (-2 + -6 - -3) - 3?
-6
Evaluate (3 - -13) + -10 + -10.
-4
Calculate -2 - (-3 - (1 - 7)).
-5
Calculate 5 + 5 + (-10 - 0).
0
12 + -12 + (5 - 0) + 0
5
-14 - (-1 - 6) - -6
-1
Evaluate (9 + -8 - -7) + 1.
9
Evaluate 1 + 3 + -1 + (14 - 19).
-2
Evaluate 0 + 0 - (-5 + 1).
4
12 - 13 - (-2 + 2 + -2)
1
What is (18 - 7) + -5 + -6?
0
-4 + 2 + -3 - 0
-5
What is the value of 8 + (2 - 0) + -12?
-2
Calculate (20 - 26 - (-2 + -3)) + 10.
9
What is the value of -5 + 6 + (1 - (4 + -6))?
4
What is 4 - (2 + 0 - -6 - 2)?
-2
-6 + (3 - (4 - 2) - -3)
-2
(-5 - -1) + -6 + 0 + 5
-5
What is -2 - -1 - (4 + -2)?
-3
-4 - (6 - 8 - (0 + 0))
-2
(5 - 6) + -4 + 0
-5
What is 2 - (1 + 11 + -7)?
-3
Calculate -3 + ((2 - -3) + -4 - 4).
-6
Calculate -12 - -3 - (15 - 22).
-2
(3 - 8) + (8 - 3)
0
Evaluate 5 + -2 + (-2 - 4).
-3
What is the value of 14 + -17 - (1 - 7)?
3
Evaluate -5 - 1 - (-6 - -1).
-1
What is -2 + (3 - 6) + 8 + -1?
2
Evaluate 6 + (-3 - 0) - (0 + 1).
2
Calculate 10 - (-7 - -6) - 6.
5
(12 + -4 - 1) + -3
4
What is (-3 - 3) + (-5 - -8)?
-3
5 + (-11 - -8) + 2
4
Calculate (8 - 8) + -2 + (-4 - 0).
-6
What is (10 - 7 - -1) + -6?
-2
Evaluate (0 + -13 - -6) + 8.
1
What is 21 + -15 + (1 - 4) + 1?
4
-15 + 8 - (-4 + -4)
1
Evaluate -1 - (-3 - (-5 + 2) - -1).
-2
(-34 - -33) + (-2 - (0 - -1))
-4
Evaluate -5 - (-5 + -5 + 6 + -1).
0
What is the value of 6 + -3 + (9 - 8)?
4
Calculate -17 - (5 - 11) - -7.
-4
1 + -5 + 1 + -7 - -1
-9
What is 1 - (2 + 0) - (5 - 7)?
1
(2 - -10) + -24 + 8
-4
What is (30 - 31) + -7 + (0 - -2)?
-6
What is the value of -6 - (-5 - -4 - 1 - 4)?
0
0 + -5 - (-3 - 1 - 4)
3
Evaluate 5 + -2 + -3 + 5.
5
What is the value of -2 - (-10 + 2 + (-1 - -4))?
3
Calculate 8 - (3 + 0 + (3 - 3)).
5
What is 5 - (22 + -8 + -3)?
-6
Calculate -61 + 64 - (13 + 0).
-10
1 - (8 - 2 - 4)
-1
1 - (6 + (2 - 0) + -5)
-2
What is (-3 - (-3 + -2)) + 0?
2
Calculate 6 + -9 + -23 + 23.
-3
Evaluate (-12 - -16) + -7 + 1 + 1.
-1
What is the value of (1 - (8 - -2)) + -43 + 47?
-5
-2 - (3 + -5) - -4
4
Calculate (18 - 11) + (0 - 11) - -15.
11
Evaluate -4 - (3 + (1 - 7)).
-1
Evaluate -8 + 16 - (6 - 1).
3
Calculate -4 + 8 - (3 + 2 - -2).
-3
Evaluate -2 + -1 + 3 - (-2 - -1).
1
Calculate 0 - ((9 - 2) + -1 + -3).
-3
What is -10 + 27 + 5 + -14?
8
3 - 0 - (4 + (-11 - -20))
-10
Evaluate -19 - -13 - (-3 + 2).
-5
Calculate 3 - (3 - 0 - 0) - -3.
3
What is the value of -11 - (-9 + (11 - 12))?
-1
What is 0 - ((4 - -6) + -4 + -1)?
-5
-7 + 8 - (-4 + 2)
3
-1 - (1 - (-5 - -3))
-4
What is the value of -68 + 71 - (-1 - -1)?
3
Evaluate 0 - 0 - (-14 + (16 - 3)).
1
-8 + 11 + (-3 - -3)
3
Calculate 0 + 0 - (-13 + 6).
7
Calculate 8 + -5 + (0 - 4).
-1
Evaluate 5 + (7 - 4 - 7).
1
Calculate 17 + -13 - (8 + -12).
8
Calculate 3 - (0 + 1 - 3).
5
What is 5 + -1 + (7 + -4 - 5)?
2
What is -14 - (3 + -8 - 5)?
-4
4 - 6 - (-9 - -2)
5
Evaluate 0 + -4 + 3 + 6 - 2.
3
What is (-15 - (-5 - -2)) + 4?
-8
2 + (-2 - 0) + -3
-3
What is -3 - (-9 + 13) - -5?
-2
What is the value of -1 - 0 - -3 - (-1 + -2)?
5
What is the value of 18 - 22 - (-4 - -3 - 2)?
-1
Calculate 6 - (7 + (-7 - (-5 + -2))).
-1
What is 0 + (2 - 1) + -9 + 3?
-5
What is the value of (-4 - -1) + 0 + -4 + 4?
-3
What is 7 + -4 - (2 + -3 + -6)?
10
Evaluate -2 + (-1 - -2) + 5.
4
What is -9 + 8 + (2 - 0) + 1?
2
-11 + 5 + 5 - -5
4
Evaluate -8 - (0 - 2 - (-8 + 8)).
-6
Evaluate 6 - 7 - (-11 + 3 - -4).
3
What is -5 + 6 + 2 - (18 - 13)?
-2
What is 5 + -1 + -3 + -8 + 6?
-1
What is -3 + (-2 - -2) + -1?
-4
Calculate -2 + 3 + 4 + -3.
2
What is the value of -4 + (2 - 3) + 5?
0
(0 + -3 - -9) + 4 + -1
9
-10 + 2 - (-62 - -45)
9
Calculate 5 + 2 - (-14 + 24).
-3
What is 6 + (-11 - -6) + 3?
4
What is -2 + (0 - (-3 - -1))?
0
(7 - 1 - (-8 - -10)) + 3
7
Calculate (-7 - (-12 + -6)) + -17.
-6
-1 + 5 + -11 + 9
2
Evaluate 0 + (0 - (7 - 4)).
-3
Calculate 0 + 1 + (-9 - -10) - 5.
-3
2 + (-9 - -4) - -3
0
What is the value of -4 + (4 - (1 + 4)) - -4?
-1
What is the value of 3 - ((6 - 7) + -1 + -1)?
6
-11 - (-2 - 4) - -6 - -4
5
Evaluate 1 + 7 + (5 - 11).
2
What is the value of 3 + 1 + -8 - (-5 + 0)?
1
Evaluate 5 - 1 - (-37 + 38).
3
What is (-1 - -18) + 100 + -110?
7
Calculate 5 + -1 - (-1 + 4).
1
What is the value of 13 - 5 - (-1 + 6)?
3
What is the value of 5 + -6 + (4 - 3)?
0
What is -12 + 5 - (-1 - 2)?
-4
What is (-5 - (4 + -12)) + -4?
-1
21 + -25 + (5 - (2 + -2))
1
5 - (9 - (4 - -1))
1
Calculate 0 + -1 + 2 + (-7 - -5).
-1
What is (-2 - -11) + -16 + (-1 - -13)?
5
8 - 12 - 2 - -5
-1
Calculate -3 + -6 + 4 - -12.
7
What is the value of 9 - -2 - 11 - (-3 - -1)?
2
Calculate (-9 + 0 - -3) + 4.
-2
What is (-8 + 15 - 11) + 10?
6
What is 16 + -14 + 2 + -1?
3
Evaluate (-14 - (24 - 31)) + (11 - 1).
3
What is the value of 80 + -83 + (-1 - -1 - 3)?
-6
Evaluate 2 + -14 + 6 + 3.
-3
Evaluate 3 + (3 - 5 - -3).
4
(-2 - 2 - -5) + -4 - 2
-5
Evaluate 19 + -14 + (3 - (2 + 0)).
6
What is 1 + (-6 - (3 + (3 - 8)))?
-3
What is the value of -1 - (0 + 0 + -4)?
3
(-14 - -6 - -6) + 1 + -4
-5
What is (-14 - -12) + 2 + (0 - 1)?
-1
Calculate (-3 - -3) + (-7 - -1).
-6
(-60 - -69) + -4 + 1
6
What is -2 + (-11 - -4) + 4?
-5
What is (0 - -1 - 7) + (-141 - -143)?
-4
-3 + 8 - 8 - -2 - 1
-2
0 - 0 - (-43 - -43)
0
Calculate 4 + 3 + -6 - -4.
5
Evaluate -10 - (3 - 12) - 6.
-7
Calculate 4 - (9 - (-4 + 10)).
1
59 + -56 + (-2 - -2)
3
Calculate -14 - (-10 - (-17 + 12)).
-9
Evaluate 4 - 1 - (5 - (-3 - 0)).
-5
Evaluate (-2 - (0 + (-1 - -5))) + 7.
1
What is 1 - 6 - (50 - 57)?
2
Calculate -14 - (2 + 1 + -10 + 1).
-8
What is 2 + -2 + -2 + 4 - -3?
5
9 + 13 + -7 - 8
7
Calculate -11 - (5 - (4 - -9)).
-3
What is 0 - 2 - -11 - (-35 + 41)?
3
What is -14 + (26 - 12 - 2)?
-2
What is the value of 1 - (1 + (2 - -2) + -3)?
-1
What is the value of -16 + 9 - (-3 + -10 - 3)?
9
What is -6 + 1 + -10 + 5 + 10?
0
What is the value of -1 + 5 + -2 + -3?
-1
Calculate (10 - 7) + (0 - (0 + 2)).
1
Calculate -3 + (2 + 1 + -6 - -7).
1
What is the value of 1 - -3 - (2 + -4 + 5)?
1
-6 + 2 + 5 - 1
0
-5 + 8 + 0 - 3
0
Evaluate 11 + (-7 + -2 - -2).
4
Evaluate -15 + -4 + 30 + (1 - 2).
10
14 + (18 - 14) + -12
6
Calculate -3 + (1 - (0 + 3 - 6)).
1
4 - (3 - -13) - -7
-5
What is the value of -4 - -10 - (1 - (-12 + 8))?
1
Evaluate (1 - -2) + -3 + 5 + -6.
-1
What is -14 + 14 + 3 - (0 - 4)?
7
-4 - (-12 - -6 - 2)
4
What is (2 - -1) + (-5 + 2 - -3)?
3
6 - (13 + -3 + 10 + -6)
-8
Evaluate 5 + -8 + 2 + 1.
0
What is the value of ((7 - 5) + 3 - 5) + 6?
6
0 + 0 - (19 - 11 - 6)
-2
Calculate (-2 - 4) + -20 + 22 + 11.
7
Evaluate 1 + 0 + (0 - 0) + 3.
4
What is the value of -1 - (2 - 2) - -3 - -2?
4
What is the value of -8 + -4 + (-2 - -15 - -8)?
9
What is 9 - ((0 - -7) + -3)?
5
What is the value of 9 + (-7 + -15 - -10)?
-3
Evaluate (-4 - -1) + 1 - (3 - 2).
-3
What is the value of 0 + 0 + (4 - 3 - -4)?
5
What is the value of (0 - -3) + -8 + 8?
3
Evaluate -7 + (4 - (-5 - -11 - 3)).
-6
-8 + (-9 - -12) + 8 + -2
1
Evaluate (-2 - 1 - 3 - -1) + 2.
-3
7 + (5 - 9) + 7
10
Calculate -1 + (10 - 5) + -8 + 4.
0
What is the value of -271 + 271 - (1 - (1 + -2))?
-2
(2 - 24) + 5 - -10
-7
-8 + 10 + 9 + (4 - 6)
9
What is the value of 5 - (-2 + 4 + 8)?
-5
-3 + 7 + -4 + 3 - 3
0
What is the value of -7 + (-2 - (-9 + -5))?
5
Calculate 7 + 0 + -12 + 5.
0
-4 - -1 - (-5 - 1)
3
Evaluate -9 - -7 - (-6 - 1).
5
Calculate 2 - ((7 - 4) + -4).
3
What is -1 + 1 + (5 - 6) + -2?
-3
(-3 - -4) + (1 - 4)
-2
Calculate -1 + 1 + 7 - 8.
-1
Evaluate (-14 + 7 + 10 - 0) + -4.
-1
What is 2 + (8 - 4) - 3?
3
What is (0 + -6 - (27 + -30)) + 9?
6
Calculate 0 - -6 - (13 - (12 + 2)).
7
Calculate 0 + -5 + 43 + -39 + -7.
-8
What is the value of (1 - 2) + (1 + 20 - 13)?
7
Evaluate -5 - (1 + (-3 - -4) - 5).
-2
Evaluate -8 + (9 - 14) + 10 + 2.
-1
What is the value of (0 - 6) + 0 + -122 + 131?
3
-15 - (-8 - ((8 - 15) + 7))
-7
(-2 - 1) + 8 + -2
3
What is the value of 0 + 7 - (13 - 9)?
3
What is (8 - 2) + (-6 - -3)?
3
Evaluate 2 + 1 + 6 + -3 - 1.
5
Evaluate -4 - 6 - -6 - (-1 - 0).
-3
Calculate 0 + 3 + -5 + 4 + 1.
3
What is the value of 4 + (-4 + -3 - 3)?
-6
Evaluate 8 - (-4 + (11 - (5 + -3))).
3
13 - ((8 - 2) + (-2 - -4))
5
Evaluate 3 + (-1 - (-2 + 4)).
0
Evaluate -2 - ((-1 - 2) + -3 + 6).
-2
What is the value of -7 - 2 - (1 + -3)?
-7
-5 